ns digit of w?
1
Let z(n) = -n**3 - 14*n**2 + 14*n - 12. Let k be z(-15). What is the units digit of (48/(-20) + k)*15?
9
Suppose l - 8 + 31 = 0. Let q = -15 - l. What is the units digit of q?
8
Let i = 79 - 43. What is the units digit of i?
6
Let r be 18/(4 + (-4 - -1)). Let u = -6 + r. What is the units digit of u?
2
What is the tens digit of 1328/12 + -2 + (-3)/(-9)?
0
Let l(g) = -g - 16. Let j be l(0). Let m = j - -1. Let t = -9 - m. What is the units digit of t?
6
Suppose -22 + 7 = -3*x. Suppose 5*f = 5*c - 0*f - 25, -x*c - 3*f = -9. What is the units digit of c?
3
Let y = -11 + 20. What is the units digit of y?
9
Let w(c) = 24*c**2 - 2*c. What is the units digit of w(-1)?
6
Suppose 0*f = -c - 5*f + 37, 3*c - 11 = 5*f. Suppose -c = -6*p + 2*p. What is the units digit of p?
3
Suppose 0 = -7*h + 2*h + 75. Suppose 5*b = 5*x - 32 - 23, 2*x - h = -5*b. Suppose 5*g - x = 5. What is the units digit of g?
3
What is the tens digit of (177/(-2))/(4/(-8))?
7
Suppose 70 = -4*x + 9*x. What is the tens digit of x?
1
Suppose -4*k + 25 + 21 = 3*s, 0 = -4*s + 3*k + 28. Suppose -3*x + 2*x = -s. What is the units digit of x?
0
Let a = 30 + -49. Let g = -9 - a. What is the tens digit of g?
1
Let h = 12 - -2. What is the tens digit of h?
1
Let q(x) = 9*x + 8. What is the tens digit of q(2)?
2
Let k = -3 - -53. What is the tens digit of k?
5
Let p(f) = 5*f - 1. Let w = 0 - -2. Suppose 6 = -4*o - 2*d, 0*o + w*d = o - 11. What is the units digit of p(o)?
4
Suppose 2*u = 4, -u = -4*h + 4*u + 2. Suppose -3*t + 2*w - 5*w = -30, -38 = -h*t + 5*w. What is the tens digit of t?
1
Suppose -4*c + 716 = 4*y, -2 = -3*c + 7. What is the tens digit of y?
7
Let g be (0 - -4)*6/8. Suppose 4*t + 1 = -3, 5*p - 12 = -g*t. What is the units digit of 6/9 - (-34)/p?
2
Suppose -4*g = 2*x - x - 47, 74 = 2*x + 3*g. What is the tens digit of x?
3
Suppose 0 = -j - 3*j + 24. Let x(p) = 6*p - 5. What is the tens digit of x(j)?
3
Let h = 0 - -1. Suppose s = u - 4*s - 13, -2*u = -s + h. What is the units digit of 3/2 + (-1)/u?
2
Let q be 131/5 - 1/5. Let g = -16 + q. What is the tens digit of g?
1
Let t(j) = -3*j**3 - 2*j + 1 + j**2 - j**3 + 0*j**3 + 0. Let d be t(1). What is the units digit of ((-7)/(-4))/((-1)/d)?
7
Let o(f) = -5*f + 1 - 2*f + 0*f + 6*f. Let d(p) = -2. Let y(a) = -4*d(a) - 3*o(a). What is the tens digit of y(5)?
2
Suppose 2*f - 31 = 3*l - 7, l = -f + 17. What is the units digit of f?
5
Let w(a) = a. Let h be w(2). Suppose -v - h*v = -54. What is the units digit of v?
8
Let j(x) be the first derivative of 3*x**2/2 + 2*x + 3. What is the units digit of j(4)?
4
Suppose -u + 35 + 13 = 0. What is the tens digit of u?
4
Let m be (-1 + -5)/(2/2). What is the tens digit of ((-12)/(-15))/(m/(-105))?
1
Suppose x + 2*f = 19, -3*x + 43 = x - 3*f. What is the tens digit of x?
1
Suppose 5*h - 14 = -z, h = -4*h + 5. What is the units digit of z - (6 - (-8)/(-2))?
7
Let o(j) = j**3 - 7*j**2 + 5*j + 1. Let v be o(6). What is the units digit of (-22)/v - 4/10?
4
Let c(m) = -12*m + 40. Let d(i) = 3*i + 3 - 7 - 1 - 5. Let h(j) = 2*c(j) + 9*d(j). What is the tens digit of h(8)?
1
Suppose 2*j - 83 = 3*g, 4*j - 4*g = 22 + 150. What is the tens digit of j?
4
Let a be ((-160)/(-25))/((-4)/(-70)). Suppose 0 = -2*w - 2*w + a. What is the units digit of w?
8
Let c(i) = -i**3 + 8*i**2 - 5*i - 5. Let d be c(7). Suppose 2*k - 23 = d. Suppose -k = -5*j + j. What is the units digit of j?
4
Suppose j - 4*j = -21. What is the units digit of j?
7
Suppose 2*l = 9 + 5. Let y be (-2)/l - (-248)/(-14). Let c = y + 30. What is the units digit of c?
2
Let r = 7 - -1. Suppose 278 = 5*f + r. Suppose 0 = 2*p + 4*y - 28, 5*p + y + y = f. What is the tens digit of p?
1
Let v = -183 + 331. What is the tens digit of v?
4
Suppose 4*v - 3*x - x + 16 = 0, -3*x = -6. Let w = 10 + v. What is the units digit of w?
8
Let y be (0 - 1)/((-2)/10). Suppose s - 5*u + 17 = 2*s, y*u = 10. What is the units digit of s?
7
Let w = 95 - 47. What is the units digit of w?
8
Suppose -4*m + 2*g = 3*g + 22, m + 4 = -g. What is the units digit of (-29)/(-2) + m/4?
3
Let z = 10 - 5. Suppose -a + 4*s = -0*a + 5, -z*s + 75 = 5*a. What is the units digit of a?
1
Let n be 0/(-3) + 1 + 15. Suppose 2*p = n + 26. What is the units digit of p?
1
Let y(o) = 2*o**2 - 3*o - 4. Let x be y(3). Suppose -9 = -5*u - 4. Suppose u = -x*b + 36. What is the units digit of b?
7
Let b(h) = h**3 + 8*h**2 + h + 9. Let d be b(-8). What is the units digit of 5/(7/2 - d)?
2
Let l = 15 + 1. What is the units digit of l?
6
Let b(c) = -4 - c**2 + 0 + 2*c**2 + c. Let n = -3 - 0. What is the units digit of b(n)?
2
Let h = 104 + -72. What is the units digit of h?
2
Suppose 77 = 2*a - 3*r, -4*a + 2*a = 5*r - 117. What is the units digit of a?
6
Let r(k) = 2*k**2 + 9*k + 1. What is the units digit of r(-6)?
9
Suppose -1 = -y + 2. Suppose -4*n + y = -1. What is the units digit of n?
1
Let m be 44/20 - 1/5. Suppose -6 = -2*a - m*n + 4*n, -3*n - 3 = 3*a. What is the units digit of a?
1
Suppose 0 = 7*b - 593 + 194. What is the tens digit of b?
5
Let q = 5 + -8. What is the tens digit of (q/(-6))/((-1)/(-42))?
2
Let l = 16 - 10. What is the units digit of (21/l)/(-7)*-16?
8
Suppose -29*t = -25*t. Let h = 6 + -4. Suppose 0 = -s - t + h. What is the units digit of s?
2
Let r be 70/(-4) + 2/(-4). Let m be (-273)/(-11) + 8/44. Let f = m + r. What is the units digit of f?
7
Let w(l) = -l**3 - 2*l**2 + 4*l + 3. Let u be w(-3). Let z be u - 2/(-4 + 2). Suppose -5*s = -26 + z. What is the units digit of s?
5
Let n = -18 - -2. Let q be 14/(-49) + n/(-7). Suppose -24 = q*z - 66. What is the tens digit of z?
2
Let r = 15 - 9. Suppose 30 = r*z - z. What is the units digit of z?
6
Suppose -z - 4 = -3*n - 13, -2*z = -5*n - 17. Let k(f) = f**3 - 7*f**2 - 3*f + 5. Let m be k(z). What is the units digit of (-3)/(-7) + (-420)/m?
9
What is the tens digit of (13/(-3) + 3)*(-90)/4?
3
Let p(f) = -2*f**3 - 2*f**2 + f - 2. Let k be p(-2). Suppose 3*i - 48 = -k*l, 7 = 3*i - 2*l - 23. What is the tens digit of i?
1
Let i = -1 - -10. Let z = i - 4. Suppose 0 = 3*n - 3*b - 21, -z*n + 4*b = 3*b - 27. What is the units digit of n?
5
Let t be 8/5*(-10)/(-4). Suppose -22 = -t*m - 3*r, -2*r = 5*m - 6*r - 12. What is the units digit of m?
4
Suppose 0 = 5*z + 4*a - 225, 0*z + 4*a + 62 = 2*z. What is the tens digit of z?
4
Suppose -13*x + 8*x = -255. What is the units digit of x?
1
Let p(i) = -i**3 - 3*i**2 + 5*i + 4. Suppose 5*m + 5*v + 30 = 0, 4*m + 5*v - 4*v = -18. Let k be p(m). Suppose 0 = 2*x - k*x - 10. What is the units digit of x?
5
Let n = 41 - 16. Suppose 5*s - n = -5. Suppose -5*v = -0*v + a - 11, 5*v - 6 = s*a. What is the units digit of v?
2
Suppose -2*m + 486 = 4*m. What is the tens digit of m?
8
Let g be (-4)/(-7)*21/6. What is the units digit of (1/g)/((-2)/(-40))?
0
Let r be (-20)/(-3)*6/4. Let k = -5 + r. Suppose -5*u + k*c + 60 = 0, 7 = u + c - 5. What is the units digit of u?
2
Let d = -138 + 223. What is the tens digit of d?
8
Suppose -96 = -7*j + 3*j + 4*b, b - 90 = -5*j. Let w = j - 8. Let p = w + -8. What is the units digit of p?
3
What is the tens digit of (-138)/(184/(-112) + (-1)/(-7))?
9
Let t(s) = s**2 + 4*s - 6. Suppose 4*o - 42 - 70 = 0. Suppose -5*b = -2*r - 19, -o = 3*r + 4*b - 11. What is the tens digit of t(r)?
1
Let o(w) = -w**3 - 5*w**2 - 5*w - 6. What is the units digit of o(-5)?
9
Let n = 2 + 0. Suppose 2*t = -4*k + 12, k - 1 = t + n. What is the units digit of 1 - (t - (2 - 0))?
3
Let w = -2 + 19. Let l = w - 15. What is the units digit of l?
2
What is the units digit of (281 - 1)/4 + 3?
3
Let b be (-16)/24 - (-110)/(-6). Let j = 5 - b. What is the units digit of j?
4
Let u = 442 + -316. What is the tens digit of u?
2
Let l = -161 - -275. What is the hundreds digit of l?
1
Suppose 2*n - 57 = -n. Let v = n + -11. What is the units digit of v?
8
Suppose 0 = 2*h - 4, -2*s = 3*h - 30 + 4. Suppose 0 = 4*g - s + 2. What is the tens digit of (4 - -7) + (g - 1)?
1
Suppose -1 = o - 3. Let i be (6/8)/(o/48). Let h = i - 9. What is the units digit of h?
9
Let n(j) = 2*j - 4 + 0 + 1. Suppose 2 = -k + 6. What is the units digit of n(k)?
5
Suppose -5*g = -2 - 18. Suppose 0 = h - 6*h + l + g, 2 = 3*h - l. What is the tens digit of (-67)/(-3) - h/3?
2
Let k = 56 + -24. What is the tens digi